 - 136. What is the units digit of c(-9)?
7
Let x(t) = -t - 3. Let u be x(-3). Suppose 155 = 4*r + 3*k, u*r + 2*r + k = 75. What is the tens digit of r?
3
Let h(w) = -37*w**2 - 3*w + 6*w + 63*w**2. Let p be h(-2). Suppose -p = b - 3*b. What is the units digit of b?
9
Let i = 9 - -11. Suppose -i = -4*h - h. What is the units digit of h?
4
Suppose -9 = -2*n + 5*n - 3*r, 4*n + 12 = 5*r. Let s be n - (-3 - (8 + -3)). Suppose 3*g - 2*g - s = 0. What is the units digit of g?
5
Suppose 7*r = 31*r - 9936. What is the units digit of r?
4
Let i = -530 + 964. What is the units digit of i?
4
Let o(a) = -2*a**3 - 14*a**2 - 15*a + 50. What is the tens digit of o(-7)?
5
Let d = -391 + 68. Let l = -129 - d. What is the hundreds digit of l?
1
Let j(z) = 139*z**2 + 6*z - 13. What is the hundreds digit of j(-3)?
2
Let q(w) = w**3 - 3 - 8*w + w - 3*w**2 + 6*w + 13*w**2. What is the units digit of q(-10)?
7
Let c = -9 + 15. What is the units digit of 7312/96 + (-1)/c?
6
Let n = -11 + 15. Suppose -2*h = -h - n. Suppose -8 = -4*f - 4*m, -h = -2*f - 0*m - m. What is the units digit of f?
2
Let i(u) = u. Let j(k) = -14*k. Let v(t) = -t**2 - 6*t + 1. Let c be v(-6). Let s(h) = c*j(h) - 3*i(h). What is the tens digit of s(-1)?
1
Let m(r) = 111*r - 458. What is the hundreds digit of m(13)?
9
Let d = -51 + 31. Let a(c) = -c - 49. Let t be a(20). Let m = d - t. What is the tens digit of m?
4
Let z(a) be the second derivative of a**7/2520 - a**6/360 - a**5/40 + a**4/12 + 8*a. Let i(h) be the third derivative of z(h). What is the tens digit of i(6)?
2
Let n(h) = 15*h + 19. Let v(f) = 14*f + 20. Let g(w) = 2*n(w) - 3*v(w). What is the units digit of g(-8)?
4
Let s = -23 - -43. Let k = s + 5. Suppose -3*q + k = -29. What is the tens digit of q?
1
Suppose -23*i + 15548 = 2254. What is the hundreds digit of i?
5
What is the thousands digit of 2/10 - 141102/(-90)?
1
Let a be (20/(-25))/(1/5). Let p be a/2*(9 - 8). What is the units digit of -1*p/(-4)*-4?
2
Let v be (-4)/(-20) + 138/10. Let g = v + -12. Suppose -2*f = 5*h - 137 + 10, -3*h + 117 = g*f. What is the tens digit of f?
5
Suppose 4*l - 9 - 167 = 0. Let o(z) = -2*z**2 + 11*z. Let i be o(5). Suppose -49 = -i*g + n + 30, -4*n + l = 4*g. What is the tens digit of g?
1
Suppose -t - 5*u - 3 = 0, 3*t + 0*t + 4*u - 2 = 0. Suppose -t*s + 520 = 2*w, 0 + 8 = 2*w. What is the tens digit of s?
5
Suppose 0 = -57*k + 60*k - 42. Suppose -k*b = -10*b - 600. What is the units digit of b?
0
Let s(l) = 21 - l**2 - 3*l - l**3 - 27 + l**2. Let o be s(0). Let u(n) = n**2 + 2*n + 7. What is the tens digit of u(o)?
3
Let f = -152 - -154. Let s = 3 + 4. Suppose l - s = -f, -l = o - 12. What is the units digit of o?
7
Suppose -7*r + 4943 + 2806 = 0. What is the thousands digit of r?
1
Let k(d) = -2*d**2 + 5*d - 5. Let c be k(-5). Let m be (36/(-10))/(32/c). Suppose 10*g - m*g = 5. What is the units digit of g?
5
Let o = -85 + 33. Let p = -37 - o. What is the units digit of p?
5
Let f(m) = 4*m - 8. Let o be f(2). Suppose o = 4*z + 4*d - 384, -285 = -3*z - 4*d - 0*d. What is the units digit of z?
9
Let n be (-1 - -13) + (-16)/8. Suppose -11 = j - 4*t, 4*j - 8*j - 2*t + 28 = 0. What is the units digit of (n - 3)*(j + -2)?
1
Suppose n = -n - 3*k + 253, 2*n = 5*k + 213. Let s = n + -78. What is the tens digit of s?
4
What is the hundreds digit of 5451/2*158/237?
8
Let x = 1849 + 2167. What is the thousands digit of x?
4
Let z(f) = -3*f**3 - 6*f**2 + 11*f - 11. What is the tens digit of z(-7)?
4
Let o = 1531 + 996. What is the units digit of o?
7
Let r = 5365 + -3121. What is the units digit of r?
4
Let s be (589 - -2)/3 - -2. Let a = -97 + s. What is the units digit of a?
2
Let n = -8 + 0. Let p = n + 12. Suppose 4 = p*m - 16. What is the units digit of m?
5
Let l be (5 - (3 + 0))/((-2)/(-3)). What is the units digit of (0 - (l + 16/(-6)))*-117?
9
Let v be (-20)/(-15) + -1 + 506/(-6). Let z = v + 158. What is the tens digit of z?
7
Suppose 0 = -9*v + 12*v - w - 2396, -5*w = -5*v + 4000. What is the hundreds digit of v?
7
Let h be 0 + -1 - (0 + -713). Suppose 4*c - h = -2*g, 2*g - 7*g = -c + 189. What is the hundreds digit of c?
1
What is the units digit of (1 - 12/(-8))*4718/35?
7
Let m = -191 + 81. What is the units digit of 0 + (0 + 0 - m - -3)?
3
Let d(w) = -11*w + 18. Suppose 4*z + 44 + 0 = 0. What is the hundreds digit of d(z)?
1
What is the hundreds digit of (-3804)/(-24) + (-9)/(-6)?
1
Let x(d) = -3*d**3 - 33*d**2 + 16*d + 323. What is the tens digit of x(-16)?
0
Suppose 3*k + 5*a = 2*k + 971, -4*a = -8. What is the units digit of k?
1
What is the tens digit of 2/(-4)*11*(-211 + -1)?
6
Let r be 15/(-6)*(-6 - (-16)/4). Suppose r*o = -3*i + 360, -296 = -4*o - 5*i + i. What is the units digit of o?
9
Let y(h) = 11*h**2 - 10*h + 7. What is the units digit of y(-7)?
6
Suppose 5*h + 7182 = 4*b, 47*b + 3*h = 46*b + 1787. What is the units digit of b?
3
Suppose k = -5*u + 11030, 5*k - 29 = -4. What is the hundreds digit of u?
2
Let m(j) = j**2 + 11*j + 29. What is the tens digit of m(15)?
1
Let f(o) = -o**3 + 13*o**2 + 15*o - 11. Let w be f(14). Let g = 14 + -9. Suppose -g*k - 55 = -l, w*k + 4 = -k. What is the tens digit of l?
5
Let h(y) = 4*y**2 - 5*y + 6. Suppose 3*o = 6*o - 48. Suppose -3*c + 4*b = c - o, -2*c - 4*b + 2 = 0. What is the tens digit of h(c)?
2
Let n be ((-24)/28)/(2/(-84)). Let t = 98 - n. What is the tens digit of (t - (-2 + 2)) + -3?
5
Let j(w) = w**2 + 10*w - 7. Let s(m) = m + 2. Let q be s(-6). Let c be -8 - (0/q - -3). What is the units digit of j(c)?
4
What is the units digit of (-1)/(-3)*(4846 + 5)?
7
Suppose 2*d = d. Suppose 2*y + d*y = 58. What is the units digit of y?
9
Suppose 2*w = 679 - 175. What is the units digit of -2 + w - (7 - 4)?
7
Let j = -781 - -1796. What is the thousands digit of j?
1
Let w = -2045 - -3329. What is the units digit of w?
4
Suppose -2*p = 36 + 76. Let j = p + 134. What is the units digit of j?
8
Let m = 3096 + 1419. What is the units digit of m?
5
Let a(o) be the third derivative of o**5/6 + o**4/3 - o**3/2 + 4*o**2. What is the tens digit of a(3)?
1
Let w be 3 + (-2)/(-4)*2. Let a = w - 18. Let m = a + 24. What is the units digit of m?
0
Let u be -1 - ((-60)/(-2) + -1). What is the units digit of (78/(-15))/(4/u)?
9
Let t be 0/(-4) + 0 - -7. Let i(r) = r**3 - 8*r**2 + 8*r - 4. Let h be i(t). What is the tens digit of 28 - (h/3)/(-1)?
2
Let f = -137 - -80. Let v = 22 - f. What is the units digit of v?
9
Suppose -3 = 2*r - 7. Suppose 3*w = 3, -r*w = 3*d + 2*w - 355. What is the tens digit of d?
1
Let j(i) = i**2 + 18*i - 19. Let m be j(-21). Let h = m + -2. What is the units digit of h?
2
Suppose 5*p - z = 970, p + 0*z - 3*z - 180 = 0. Let k = p + -57. What is the tens digit of k?
3
Let j = 1052 - -99. What is the hundreds digit of j?
1
Let v be (-2 - -19) + 8 + -11. Let b be (v/5)/(18/45). Let q(s) = 2*s**2 - 14*s + 2. What is the units digit of q(b)?
2
Let b be (4/(-6))/(1 + 125/(-135)). Let o(z) = 2*z**2 - 9*z - 23. What is the units digit of o(b)?
0
Suppose 0 = 2*g - 43 + 39. Suppose -m + 205 = 2*w, -w - 4*w + 490 = -g*m. What is the hundreds digit of w?
1
Suppose 0 = -2*n + 5*x - x + 40, 0 = 5*x - 25. What is the units digit of 5/n + (-29)/(-6)?
5
Let k(n) = n**2 - 10*n + 13. Let t be k(-8). Suppose 3*f - 96 = f - 3*g, 3*f = 2*g + t. What is the tens digit of f?
5
Let g be 35/(-45) + 4/(-18). Let y = 4 - g. Suppose -3*k = -y*q + 129, -q - 3*k + 4 + 29 = 0. What is the tens digit of q?
2
What is the units digit of (4*(-21)/(-14) - -977)/1?
3
Suppose 117 = 3*h - 2*v, -3*v + 97 = 2*h + 2*v. Let s = h + -69. Let t = -6 - s. What is the units digit of t?
2
Let b = -88 + 93. Suppose 235 - 910 = -b*a. What is the tens digit of a?
3
Let r(h) = h**2 - 17*h + 34. Let t be r(15). What is the units digit of 57/t + (-3)/(-4)?
5
Suppose -2*a = -10*a + 7848. What is the hundreds digit of a?
9
Let z be 202/22 + (-24)/132. Suppose 7*k = z*k - 280. What is the units digit of k?
0
Suppose 135*n = 139*n - 152. What is the tens digit of n?
3
Suppose -1992 + 5268 = 2*w. What is the tens digit of w?
3
Suppose 8*h - 20*h - 12 = 0. What is the units digit of 616/35*h*(-10)/4?
4
What is the tens digit of (-287)/82*(-4656)/7?
2
Let z = -2 - 3. Let h = z + -4. Let u = 26 - h. What is the tens digit of u?
3
Let a(j) 